actors of a.
2, 5
Let a = 3 - 3. Suppose -13 = b + 5*y, -b - y + 0 - 1 = a. List the prime factors of b.
2
Let m = 10 + -4. Let v = 6 - m. Suppose -4*p + 20 + 20 = v. What are the prime factors of p?
2, 5
Let x(b) = b**2 + 7*b + 1. Let a be x(-6). Let d(y) = -3*y. What are the prime factors of d(a)?
3, 5
Let u(b) = -4*b - 18. Let c be u(-10). Suppose k + 0*k = c. List the prime factors of k.
2, 11
Let b = -181 + 203. Suppose 4*d - 4*t = t + 20, -8 = -5*d + 2*t. Suppose d*k - b = -k. List the prime factors of k.
2, 11
Suppose 3*x - 8 - 1 = 0. Suppose -3*t - 75 = -x*m, 0*m = 5*m + 3*t - 93. What are the prime factors of m?
3, 7
Let x = 6 - 2. List the prime factors of x.
2
Let g be (-1)/3 - 8/(-6). Let s(m) = m**2 + 4*m + 6. Let c be s(-3). Suppose 0 = -c*o + g + 23. List the prime factors of o.
2
Suppose 2*i - 10 = -2. What are the prime factors of i?
2
Suppose -3*v + 2*m + 666 = 0, 0 = 2*v - 2*m - 58 - 388. What are the prime factors of v?
2, 5, 11
Let u(t) = t**2 + 13*t + 2. Let m(x) = x. Let d(b) = 4*m(b) - u(b). Let h be d(-8). List the prime factors of (22/(-6))/(h/(-36)).
2, 11
Suppose n = 2, n - 2*n + 8 = 2*l. Suppose 9 = -l*m + 36. List the prime factors of m.
3
Let j be (-6)/4*104/(-12). Suppose -2*k = -5 - j. What are the prime factors of (-6)/k*-3*11?
2, 11
Let c(j) = j - 4. Let g(z) = z - 4. Let l(w) = 3*c(w) - 4*g(w). Suppose -3*o + 4*a - 12 = 0, 0*a - 2*a = 2*o + 8. What are the prime factors of l(o)?
2
Suppose 0*l + l - 23 = 0. Suppose -2*x + x + l = 0. List the prime factors of x.
23
Let o(m) = 0*m**2 + 0*m**2 + 2*m**2 + 1. Let a be o(-2). Suppose 5*f = -c - 1, -3*c + 0*c + a = 3*f. List the prime factors of c.
2
Let u(i) = -i - 8. Let k be u(7). Let h be 147/k - 1/5. Let f = -3 - h. List the prime factors of f.
7
Suppose 3*a - 39 = 2*m + m, 5*a - 57 = m. What are the prime factors of a?
11
Let c(j) = j**2 + 4*j - 8. Let y be ((-7)/2)/((-1)/(-2)). List the prime factors of c(y).
13
Let u(f) = 4*f - 23. Let q(l) = -5*l + 24. Let v(b) = -3*q(b) - 4*u(b). List the prime factors of v(0).
2, 5
Let q be -1 - (2 + -1) - -24. Suppose -4*y + 76 = -3*o, 2*y - 60 = o - q. Let t = 30 - y. What are the prime factors of t?
11
Let y be 0*(-1 + 2 + 0). Suppose 122 = -0*g + 5*g + w, y = -w + 2. What are the prime factors of g?
2, 3
Let i(v) = -v**2 + 7*v - 4. Let t be i(5). Suppose 3 = -t*p + 5*p, -5*x = -3*p + 16. Let w(r) = -r**2 - 6*r - 1. List the prime factors of w(x).
2
Let l(y) = y + 10. Let m be l(-7). Suppose 0 = 5*q - 3*k - 19, -2*q + m = -4*k + 1. Suppose -q*c + 31 = -14. List the prime factors of c.
3
Let c(v) = 6*v - 6. Suppose -21 - 3 = -4*s. Let q be c(s). Suppose h + h - q = 0. List the prime factors of h.
3, 5
Let z(l) be the third derivative of 0*l + 0 + 2*l**2 - 1/3*l**3 - 7/24*l**4. List the prime factors of z(-2).
2, 3
Suppose -2*d + 238 + 52 = 0. What are the prime factors of d?
5, 29
Suppose 6*o = 5*o + 99. List the prime factors of o.
3, 11
Suppose -5*w - 300 = 5*b - 845, 0 = 2*w - 5*b - 183. What are the prime factors of w?
2, 13
Let g(m) = 2*m**2 + 10*m - 5. Let c(z) = -2*z**2 - 11*z + 5. Let s(k) = 4*c(k) + 5*g(k). What are the prime factors of s(-5)?
3, 5
Suppose -11 = -5*g - 1. Suppose -16 = -4*d, -g*i + 35 = d - 3. What are the prime factors of i?
17
Let c(g) = -3*g - 40. List the prime factors of c(-16).
2
Let u = 1 + 1. What are the prime factors of (-2)/(u*(-3)/60)?
2, 5
Let l(z) = 94*z**3 + 8*z + 8. Let s(p) = 63*p**3 + 5*p + 5. Let c(o) = -5*l(o) + 8*s(o). What are the prime factors of c(1)?
2, 17
Suppose 5*i = 3*i. Suppose i*s + 3*s = 30. List the prime factors of s.
2, 5
Let a(d) = -d - 10 + 10. Let w = 12 + -17. What are the prime factors of a(w)?
5
Let x(r) = -r**2 + 9*r + 4*r - r + 0 + 7. List the prime factors of x(9).
2, 17
Suppose -21 = -3*s - 2*u, 3*s - 5 = 2*u + 28. Let b = 11 - s. List the prime factors of b.
2
Suppose -x + 4*g = -287, 0 = 5*g - 4*g + 5. List the prime factors of x.
3, 89
Let b = -13 - -6. What are the prime factors of 992/56 - 2/b?
2, 3
Suppose -3*c + 40 = -92. Let n = -31 + c. What are the prime factors of n?
13
Suppose 2*m = -2*m - 12. Let k = 2 + m. What are the prime factors of k/(2/5)*-2?
5
Suppose -5*t + 3*o - 6*o = 5, 2*t + o + 2 = 0. Let m be (2 - 2)/(-2) + t. Let f = m - -12. List the prime factors of f.
11
Let l(r) = 5 - 66*r**2 + 0*r + 67*r**2 - 6*r. Suppose 4 + 20 = 4*f. What are the prime factors of l(f)?
5
Suppose 3*b + 198 = 9*b. What are the prime factors of b?
3, 11
Let l(f) = -2*f + 2. Let h(c) = c + 1. Let t be h(-6). Let a be l(t). Let b = a - 3. What are the prime factors of b?
3
Let p = 19 + -1. Let y = 6 + p. List the prime factors of y.
2, 3
Suppose -5*l + 267 = 37. Suppose 2*g = 5*d + 25, 0*g + d - l = -3*g. What are the prime factors of g?
3, 5
Let r = 8 + -9. Let d be -2*27/6*r. What are the prime factors of d/(-2)*20/(-6)?
3, 5
Let p(k) = -2*k**2 - 4*k - 2. Let j be p(-3). Let i be ((-3)/(-6))/((-2)/j). Suppose 3*b = -i*b + 55. List the prime factors of b.
11
Suppose 0 = -3*b - 128 + 1127. What are the prime factors of b?
3, 37
Let n = 1 - -1. Suppose -n*g + 2 = -0. What are the prime factors of -38*(-1 + g/2)?
19
Suppose -4*o + 205 = m, -2*m + 22 + 184 = 4*o. What are the prime factors of o/((-2 - -3)/1)?
3, 17
Let p be (1/(-3))/(2/(-174)). Suppose -4*b - p = 3*d, b + 2*b + d + 18 = 0. Let w(s) = s**2 + 2*s - 7. What are the prime factors of w(b)?
2
Let x(t) = -52*t - 9. Let v(y) = 13*y + 2. Let d(o) = 9*v(o) + 2*x(o). What are the prime factors of d(1)?
13
Let h(r) = 6*r + 15. Let j be h(-6). Let b = -23 - -59. Let y = b + j. What are the prime factors of y?
3, 5
Let h(q) = 6*q - 1. Let c = 6 - 3. What are the prime factors of h(c)?
17
Let c(g) = 2*g**2 - 4*g - 8. Let t be c(4). What are the prime factors of 4/(t/94) + 2?
7
Let s = -56 - -74. What are the prime factors of s?
2, 3
List the prime factors of -6*(-3)/(-6) + 14.
11
Suppose 0 = -21*v + 16*v + 1845. What are the prime factors of v?
3, 41
Suppose k - 3*j - 133 = j, 4*k = 5*j + 488. What are the prime factors of k?
3, 13
Let m = 446 - 215. List the prime factors of m.
3, 7, 11
Let t(r) = r**3 + 9*r**2 - 10*r + 5. Let s be t(-10). Suppose -5*j + 30 = -4*v + 4, 0 = s*v + 20. List the prime factors of j.
2
Let y be 0/(-1) - (1 - 41). Suppose 3*l = -l + y. List the prime factors of l.
2, 5
Suppose 0 = -y - 1 + 38. What are the prime factors of y?
37
Suppose 5*x = 6*x - 66. List the prime factors of x.
2, 3, 11
Suppose 0 = -4*k + 12, 0 = -2*p + 3*k + 112 - 37. List the prime factors of p.
2, 3, 7
Suppose -3*w + 208 = -w. What are the prime factors of w?
2, 13
Let i(m) = -m**3 + 7*m**2 + 12*m - 5. Let r be i(8). What are the prime factors of (1 + r)/(1 - 0)?
2, 7
Suppose -2*x = -4*k + 50, 44 = 6*k - 2*k - 4*x. What are the prime factors of k?
2, 7
Suppose 0 = 3*w + 9, -t = -0*t + 2*w - 95. What are the prime factors of t?
101
Suppose -g = 3*g, g + 9 = 3*p. What are the prime factors of p?
3
Let x = 8 - 10. What are the prime factors of 8*(x - 68/(-16))?
2, 3
Let c(i) be the first derivative of -i**4/12 + 3*i**3/2 + 13*i**2/2 - 3*i + 2. Let a(m) be the first derivative of c(m). List the prime factors of a(9).
13
Let t(m) = m + 1. Let a be t(4). Suppose 5*l - 25 + a = 0. List the prime factors of l/(-6) - (-234)/27.
2
Let o be (3/(-5))/((-2)/10). Suppose 0*p = -o*p - 3. Let a = p + 4. List the prime factors of a.
3
Let r(x) = -x**3 - 5*x**2 - 4*x - 2. Let a(m) = -3*m - 1. Let l be a(1). Let g be r(l). Let s = 13 + g. What are the prime factors of s?
11
Let i(p) = 13 + p**2 - 10*p - p**2 + 2*p**2 - 3*p**2. What are the prime factors of i(-10)?
13
Let a(p) = p**3 - 4*p**2 + 3*p + 1. Let o be a(4). Suppose -5*v - 4*k = -16, -4*v - 6*k + o = -3*k. What are the prime factors of v?
2
Let r = 0 - -7. Suppose 0 = -3*w + 5*t + r, -2*t - 8 = -w - 6*t. Suppose -w*g = g - 30. List the prime factors of g.
2, 3
Let q(i) be the third derivative of -i**4/24 + i**3/3 - i**2. List the prime factors of q(-9).
11
Let i(r) = r**3 - r**2 - 3*r - 2. Let b(z) = -z - 7. Let s be b(-10). Let y be i(s). What are the prime factors of (-152)/(-7) - (-2)/y?
2, 11
Suppose 0*b - 2*b - y = -6, -b + 2*y - 2 = 0. Suppose j = -b*n - 0*j + 14, -2*j = -5*n + 53. Let c = n + -4. List the prime factors of c.
5
Let u(m) = 9*m**2 + 5*m + 2